ulate the greatest common divisor of r and z.
7
Let l = -241 - -481. Let k be ((-9)/(-6))/((-5)/(l/(-9))). Let z be ((-13)/26)/((-1)/144). What is the greatest common divisor of z and k?
8
Let v = 248 - 229. Suppose -2420 = -v*i + 468. What is the greatest common factor of 532 and i?
76
Suppose g - 1246 = -2*x, -2*g + 2488 = 4*x + g. Calculate the greatest common factor of 50 and x.
25
Let w = 5007 + -4986. What is the greatest common divisor of 791 and w?
7
Let s be 2/(-22) - 0 - 141960/(-660). Calculate the highest common divisor of 1247 and s.
43
Let f(m) = 203*m**2 - 71*m - 74. Let d be f(-1). What is the greatest common divisor of 1800 and d?
200
Let t(b) = b**2 + 18*b + 76. Suppose -3*x = -3*z - 75, -5*x + 2 = -3. Let y be t(z). What is the highest common divisor of 55 and y?
55
Let w(d) = 3*d**3 - 6*d**2 - 3*d + 4. Let i be w(6). Let h be ((2219 + -15)/(-29))/((-1)/((-3)/(-6))). Calculate the greatest common factor of h and i.
38
Suppose 4*h + 3*m - 6*m + 3 = 0, 1 = 3*h + m. Suppose h = 6*q + 4*q - 1040. Let r = 162 - q. What is the greatest common factor of r and 87?
29
Suppose -18*r + 18965 = 17435. Calculate the highest common divisor of 28135 and r.
85
Let q be (-684)/(-12) + (-9 - 0). Calculate the highest common divisor of 4056 and q.
24
Suppose -44*m = 47*m - 5*m - 30702. Calculate the highest common factor of m and 833.
119
Suppose 32*l - 132 = 30*l. Let s = l + -60. What is the greatest common divisor of 30 and s?
6
Suppose -f - 3*n + 2349 - 77 = 0, -4*n - 4494 = -2*f. What is the greatest common factor of f and 122?
61
Let h(u) = -u**3 + u**2 + 53*u + 444. Let d be h(0). Calculate the greatest common divisor of 348 and d.
12
Let q be 8/(-16)*(42 + (1 - 3)). Let p be (3 + -43)*(-3 + q/(-8)). Calculate the greatest common factor of 740 and p.
20
Suppose -13*b + 18*b - 616 = b. Let v = 139 - 83. Calculate the greatest common factor of b and v.
14
Let x(y) = -y. Let z(c) = -4*c - 11. Let j(q) = 5*x(q) - z(q). Let f be j(-14). Suppose 10*m + f = 415. What is the highest common factor of m and 39?
39
Let c be 9/(-24) + 237655/1192. Calculate the highest common divisor of c and 59899.
199
Suppose -16*o = -91806 - 738. What is the highest common divisor of o and 24?
24
Let y(l) = 552*l - 1. Let h be y(-1). Let p = 562 + h. What is the highest common divisor of 30 and p?
3
Suppose 0 = -3*m + 3*c + 1056, 12*m + 3*c = 8*m + 1450. What is the greatest common factor of 6 and m?
2
Suppose 0 = 14*m - 32*m. Suppose 12*t - 340 - 6656 = m. What is the greatest common divisor of 106 and t?
53
Suppose -k = 9 - 16. Suppose -k = -5*c + 3. Suppose 3*y - 2 = 16. Calculate the highest common divisor of c and y.
2
Let s = 38 - -18. Suppose s*u + 180 = 66*u. Suppose 4*x - 2*l - 28 = 0, -30 = -4*x - 0*l + 3*l. Calculate the highest common factor of x and u.
6
Let m be ((-21)/(-18)*3)/((-4)/(-1128)). What is the highest common factor of m and 21?
21
Let w(c) = -c**3 - 5*c**2 - 14*c - 22. Let g be w(-3). Calculate the highest common factor of g and 62.
2
Let m = -34 + 36. Let n be (-2 - -4)*(-95)/(-10). Calculate the highest common factor of m and n.
1
Let v(q) = -17*q + 21. Let c be v(-9). Let m = 239 + -123. What is the highest common divisor of c and m?
58
Suppose 5*u + 99 - 1314 = 0. What is the greatest common divisor of 3 and u?
3
Suppose 700 = 29*p - p. Let q = -228 + 453. What is the highest common factor of p and q?
25
Let x be ((-85623)/42 - 7/(-49))*-1*4. Calculate the greatest common factor of 151 and x.
151
Let f be (-61 + (-3)/(-3))*(-726 - -724). Let z = -3 - -6. Let p(v) = 4*v**2 - 3*v + 3. Let o be p(z). What is the greatest common divisor of f and o?
30
Suppose 0 = -82*v + 6921 + 10217. What is the greatest common divisor of v and 88?
11
Let n(l) = -l + 16. Let d be n(6). Let t(x) = -x + 19. Let s be t(d). What is the greatest common divisor of 81 and s?
9
Let a be ((4 - 6) + 3)/(-7) - (-1183)/49. Calculate the highest common divisor of a and 3336.
24
Suppose -2*b + 6 + 25 + 17 = 0. Calculate the greatest common divisor of 54 and b.
6
Suppose 129*u - 200508 = 67*u. What is the highest common divisor of 6 and u?
6
Suppose -12 = 3*v - 2*c - 0*c, -4*c = -5*v - 20. Let l(f) = f**2 - f + 7. Let t be l(v). Calculate the highest common factor of t and 783.
27
Let h be ((-22)/33)/(-3 + (-737)/(-246)). Calculate the highest common divisor of 369 and h.
41
Suppose 5*k + 840 + 1855 = 2*z, -5*k = 4*z + 2665. Let w = -321 - k. Calculate the highest common divisor of w and 54.
54
Let j = 508 - 491. Let y be 0 + 529 - (-18)/(-9). What is the highest common factor of j and y?
17
Let t(w) = -w**3 + 8*w**2 + 7*w + 24. Let v be t(9). Let u(o) = 2*o**2 - 4*o + 23. Let a be u(v). What is the highest common divisor of 1 and a?
1
Suppose -5*q = 3*p - 124, -3*q + 553*p - 558*p = -68. What is the highest common divisor of q and 26?
26
Let m(h) = 2*h**2 + 23*h - 311. Let q be m(8). Calculate the highest common factor of 1193 and q.
1
Let h be 4550/(-28) - (-1)/(-2). Let l = 141 - h. What is the highest common divisor of 16 and l?
16
Let k = 6969 - 6910. Let r = -275 + 570. What is the highest common factor of k and r?
59
Let u = 22476 + -12354. What is the greatest common factor of u and 84?
42
Let m = 86 + -42. Let u = m - 36. Let v = -98 - -100. What is the highest common divisor of v and u?
2
Let k = -55 + -7. Suppose -5*o + 45 = 380. Let n = k - o. Calculate the greatest common divisor of n and 60.
5
Let b be -3 + 7 + 0 + 5. Let o = 6 - -172. Let k = 322 - o. Calculate the highest common factor of b and k.
9
Let z(a) = 26*a - 3948. Let f be z(152). Calculate the highest common divisor of f and 3004.
4
Suppose 0 = 55*j - 28*j + 119*j - 151548. Calculate the greatest common factor of j and 24.
6
Suppose -3*f - 4953 = -5*l, -14*l + 2*f + 4947 = -9*l. What is the greatest common divisor of l and 105?
21
Suppose s = 7*s - 1404. Let z be (36/(-10))/((-57)/(-247) - 82/130). Calculate the highest common factor of z and s.
9
Suppose 421*m + 6370 = 28262. Calculate the highest common factor of m and 18044.
52
Let y be (-8)/(-5)*(-31)/(310/(-50)) - -92. What is the highest common divisor of 11300 and y?
100
Suppose -573 + 181 = -2*h. Suppose d = -d + h. Suppose -n = 5*f - 54, 0 = -5*n + f + 129 - 67. Calculate the greatest common factor of d and n.
14
Suppose 26*g = 24*g + 636. Let d = 344 - g. What is the highest common factor of d and 16?
2
Suppose 0 = 2*x - f - 6, -6*f - 25 = -5*x - f. Let v be -1*(5 + -3)*x. Let m be 115 - (-1 + -5 - v). What is the highest common factor of 17 and m?
17
Let b(a) = -24 - 4222*a**2 + 8 + 14*a + 4223*a**2. Let g be b(-16). Calculate the greatest common divisor of 176 and g.
16
Let v be 1 + 3 + -1 - (-13 + 14). Let k be v/(-8) - (-1413)/36. Calculate the greatest common factor of 39 and k.
39
Suppose 1 + 2 = -m - 5*w, 2*w = -m + 12. Let k(p) = 2*p**2 + 184*p - 167. Let s be k(-94). Calculate the greatest common divisor of m and s.
11
Suppose -3*z - 4*h + 3112 = 0, -3*z + 3*h = -6*z + 3108. Suppose -195 = -2*i - g + 321, 4*i - z = 3*g. What is the highest common divisor of 86 and i?
86
Let o(d) = 9*d**3 + 10*d - 11. Let c be o(1). Let j be (12/(-144)*-3)/(2/c). Calculate the highest common factor of j and 13.
1
Let b be ((-52)/91)/((-8)/28). Suppose -b*k - 171 = -3*h, 5*k - 189 = -3*h - 18. Calculate the highest common factor of h and 228.
57
Let p = 249 - 84. Suppose -4*u - 72 = -3*w + 4, 5*w - p = -u. Suppose -w*i + 85 = -27*i. What is the greatest common factor of i and 153?
17
Let h(i) = i - 15. Let d be h(7). Let b be -3 - (d - (-4 - 0)). Let r be (-4)/(-7)*49/14. Calculate the greatest common divisor of r and b.
1
Suppose -o - 2 = -3. Let y be -3 + o - (-17 + 3/(-3)). Calculate the highest common factor of 624 and y.
16
Let d = -7715 + 14659. Calculate the highest common factor of 124 and d.
124
Let z(a) = -a**3 + 8*a**2 + 8*a + 10. Let b be z(7). Let c(h) = 35*h + 851. Let s be c(-23). Calculate the greatest common factor of s and b.
23
Let v(q) = q**2 + 25*q + 134. Let y be v(-16). Let n be (-9)/11 + 26/(-143) - y. What is the greatest common factor of 243 and n?
9
Suppose -11*t + 14 = -8. Suppose -s + 2 = -0*s. Calculate the highest common factor of s and t.
2
Suppose 0 = -2*g + 7*g. Suppose 3*d - 4*d + 2 = g. Let s be (1 + 